Suppose -5*u - 55 = -80. Suppose 2*x + 2847 = u*y, 5*x = -3*y + 8*x + 1701. What is the hundreds digit of y?
5
Suppose -5*k + 5 + 20 = 0. Let n(z) = -z**3 + 3*z**2 + 10*z + 1. Let o be n(5). What is the tens digit of (k - 6)*(o - 94)?
9
What is the units digit of (-30)/6*(-57528)/40?
1
Let t(i) = -3*i**2 - 22*i - 13. Let m be t(-6). Suppose m*o = 20*o + 531. Let n = o - -142. What is the units digit of n?
3
Let s = -8 - -14. Suppose -4913 = 62*m - 8823 - 9730. Suppose m + 8 = s*r. What is the tens digit of r?
3
Let o(l) = l**3 - 5*l - 19. Let z(j) = j**3 - j**2 - 14*j + 10. Let c be z(4). Let r be (40/30 - -1)/(c/6). What is the tens digit of o(r)?
8
Let u = 87 - 243. Let j = u - -313. Suppose 1512 = 5*t + 5*n + j, -3*n - 267 = -t. What is the tens digit of t?
7
Let f(p) = -865*p + 101. What is the thousands digit of f(-28)?
4
Let k = 184 - 182. Suppose 3*s + 290 = w, w + 269 = k*w + 4*s. What is the units digit of w?
1
What is the hundreds digit of ((-647556)/455)/(6/(-20)) + -5?
7
Suppose -180*l = -1423107 - 7087209 - 1470144. What is the tens digit of l?
4
Suppose -15 = -4*m - 11. Let l be (-28)/(-16) + ((-3)/(-12))/m. Suppose -x + 0*x + 40 = l*k, -3*x - 122 = -5*k. What is the units digit of k?
2
Suppose -22390 = -33*n - 7111. Let l = n + -242. What is the units digit of l?
1
What is the units digit of ((-560)/(-30))/((-1)/(-4221)*3)?
4
Let u = -39080 + 58366. What is the hundreds digit of u?
2
Let w = 1721 - 921. Suppose 2 = -2*r, 4*p - 2*r + 42 - w = 0. What is the tens digit of p?
8
Suppose -23 + 67 = -4*d. Let z = d + 17. Let r(t) = 2*t**3 - 9*t**2 + 8*t + 10. What is the units digit of r(z)?
6
Let u(v) = 6*v**2 - 16*v - 110. Let p be u(21). Suppose -5*x - 1149 = -y, -2*x - 1234 = -3*y + p. What is the thousands digit of y?
1
Suppose -4 = -3*o + 5*s, 0 = -3*o - 5*s + s + 13. Let g be 4 - (2 - 2)/(-35 + 34). Suppose g*v = o*v + 178. What is the tens digit of v?
7
Let n(i) = 8*i**3 - 4*i**2 + 2*i. Let x be n(1). Suppose -x*y + 2977 = 7*y. What is the hundreds digit of y?
2
Suppose 11507 = 12*v - 13105. What is the hundreds digit of v?
0
Let j = -1864 + 1028. Let c = j + 1198. What is the tens digit of c?
6
Suppose 5*v - 4*o + 15 = 0, o = -0*o. Let n be -986*v/18 - 1/3. Suppose -6*k + n = -4*k. What is the units digit of k?
2
Let r = -2329 + 3927. What is the units digit of r?
8
Let z be (1 + 1)/(((-5)/(-6))/(-5)). Let t be (z/14)/(116/56 - 2). What is the units digit of (t/(-8))/((-3)/(-2))?
1
Let w(r) = -153*r - 43. Let v(d) = 51*d + 15. Let z(y) = -11*v(y) - 4*w(y). What is the tens digit of z(1)?
5
Let n = 33 - 31. Let c(j) = -120*j + 3. Let z be c(n). What is the units digit of z*1/(-9) + 1/(-3)?
6
Let a(f) = -f**3 + 18*f**2 - 21*f + 14. Let i be a(17). Let b be (-736)/(-12)*i/(-8). Let y = -248 + b. What is the hundreds digit of y?
1
Suppose q = -v - 602, 5*q + 3019 = -0*q - 2*v. Let y = -277 - q. What is the tens digit of y?
2
Suppose 129 = 3*q + 120. Suppose 2*a - 2*j = -q*a + 2383, 5*a = -2*j + 2367. What is the tens digit of a?
7
What is the thousands digit of (-58234)/(-9) + (-144)/324 + 3?
6
Suppose 0*n - 24 = -8*n. Suppose -n*q + 5*q = 106. Suppose 0*x + 2*p = x - q, -4*x + 3*p = -227. What is the units digit of x?
9
Let o(i) = 3*i**2 - 8*i - 24. Let q be o(-3). Let x(w) = q*w + 23*w + w**2 - 43*w. What is the units digit of x(-12)?
0
Suppose -38*v = -42*v + b, -v + 3*b = 0. Suppose k - 36 - 571 = v. What is the tens digit of k?
0
Suppose 439117 = 66*g - 59*g. What is the units digit of g?
1
Suppose 22*h + 44 = 26*h. Let y be h + (-1)/(-1) + 0 + 3. Let z(r) = 4*r - 29. What is the tens digit of z(y)?
3
Suppose -4 + 10 = 2*x. Let n be (-149 - -11)/(2/x). Let b = n - -414. What is the hundreds digit of b?
2
Let t be (-664)/(-72) + 2/(-9). Suppose -t*x + 920 = -5*x. What is the hundreds digit of x?
2
Let s(t) = -133*t**3 + 23*t**2 + 120*t + 6. What is the thousands digit of s(-6)?
8
Let v = -341 + 344. What is the hundreds digit of v/3 - -513 - -6?
5
Suppose -3*j = -4*s - 679, 3*s + 681 = -4*j + 7*j. Suppose -j*r = -228*r - 744. What is the units digit of r?
4
Let d(q) = -17*q**2 + 1. Let a be d(1). Let s = 27 + a. Suppose s*x - 5*x - 408 = 0. What is the units digit of x?
8
Let j(f) = 47*f**2 - 34*f - 21. What is the thousands digit of j(-21)?
1
Let n = 47106 + 12613. What is the units digit of n?
9
What is the thousands digit of (-15112)/10*6725/(-538)?
8
Let b = -11083 - -19006. What is the hundreds digit of b?
9
Let f(b) = 14*b - 54. Let o be f(4). Suppose -o*c - 3*c - 5*w = -2400, 4*c - 1912 = 4*w. What is the hundreds digit of c?
4
Let y be (-2)/5 + 22/5. Suppose 29 = -y*g - 3. Let j(m) = -4*m - 13. What is the units digit of j(g)?
9
Let g = 30 - -192. Suppose -3*j = 5*n - 300, -3*j + j = -4*n - g. What is the units digit of j?
5
Let r = 257 + -454. Let k = 374 + r. What is the hundreds digit of k?
1
What is the tens digit of (-1 + 343/(-5))*(-170715)/171?
8
Let b = -5 + 5. Suppose b*j - 3*m + 75 = -j, -5*m + 245 = -3*j. Let k = -28 - j. What is the units digit of k?
2
Suppose -195*q - 2583966 = -297*q. What is the tens digit of q?
3
Suppose 21*h - 2*h = 19950. Suppose 3*v - p - h = 2*p, 5*p = -4*v + 1382. What is the tens digit of v?
4
Let d = 22493 - -17634. What is the thousands digit of d?
0
Let q(f) = -3*f**2 + 9*f**2 - 2134 + 2132. What is the hundreds digit of q(-5)?
1
Let i(v) = -15*v - 205. Let c be i(-14). Let j(n) = -45*n - 1. Let x be j(-2). What is the hundreds digit of x/(c*3/30)?
1
Let p = 23350 - 38227. What is the hundreds digit of p/(-33) - (5 + (-456)/88)?
4
Let f(t) = 24*t**3 - 7*t**2 - 6*t + 21. Let i be f(5). Suppose -i = -8*b + 72. What is the units digit of b?
1
Suppose 0*g - 3 = g, 4*g + 6204 = 4*l. Suppose -7*q + l = -q. What is the units digit of q?
8
Let q = -84943 + 127010. What is the units digit of q?
7
Suppose 5*h - 79680 = -3*z, 4*h + z - 41326 = 22418. What is the ten thousands digit of h?
1
Suppose -3*u + 2*t = -106 + 120, 3*t - 18 = 3*u. Let l(d) = -3*d - 32*d - 6 + d. What is the tens digit of l(u)?
6
Suppose -5*q = -k - 81933, 81951 = -3*q + 8*q - 7*k. What is the tens digit of q?
8
Let m = 27929 + -14226. What is the tens digit of m?
0
Suppose 3*l + 73 = 409. Let t be (-1159)/(-4) + (414/24 - 17). Suppose -3*n + l + t = 0. What is the tens digit of n?
3
Let u be (5 - 5)/(-3 - -2). Suppose -6*l + 5*l - 255 = -2*z, -4*z - 2*l + 490 = u. What is the hundreds digit of z?
1
Suppose -5*z - 20 = -5*u, -z = -4*u - 0*z + 10. Let c(r) = -38 - 2*r - 35 - u*r + r**2 + 57. What is the units digit of c(-8)?
0
Let v(a) = 16*a**2 + 12*a - 6. Let p be v(-2). Suppose -1040 = 29*y - p*y. What is the units digit of y?
8
Suppose 4*q = 3*q + 5. Let f(b) = 19*b**2 - 37*b + 17. Let y(g) = -5*g**2 + 9*g - 4. Let h(c) = -2*f(c) - 9*y(c). What is the tens digit of h(q)?
4
Let b(c) = -3*c**3 + 38*c**2 - 3*c + 34. Let g be (-60)/6*(-12)/10. What is the hundreds digit of b(g)?
2
Let a(q) be the first derivative of -23*q**4/2 + 4*q**3/3 + 5*q**2 - q + 21. What is the units digit of a(-2)?
3
Let z(h) = 437*h**3 + 2*h**2 - 2*h - 1. Let r be 3/1*(-8)/(-216)*9. What is the tens digit of z(r)?
3
Suppose -6*x - 7 = 5. Let r be -10*((-7)/x - 4). Suppose h - u = u + 39, -r*h = -2*u - 155. What is the units digit of h?
9
Suppose a + 2*p = -a, -a - 9 = 4*p. Suppose 5*m + 751 = a*s, 2*s - 250 = -5*m + 284. What is the units digit of s?
7
What is the hundreds digit of 41771 - 4/6*(24 - (6 + 15))?
7
Suppose 161*p + 1582 = 168*p. What is the thousands digit of ((-2)/((-2)/(-2415)))/((-339)/p)?
1
Suppose -82*t + 17364 = -20684. What is the units digit of t?
4
Let c(b) = -2*b**2 - 21*b - 68. Let a be c(-5). What is the hundreds digit of (-1868 - 2)/(a/(65/10))?
9
Let v(w) = -167*w**2 - 9*w - 13. Let u(o) = -251*o**2 - 12*o - 19. Let k(g) = -5*u(g) + 7*v(g). What is the hundreds digit of k(4)?
3
Let z(l) = 1188*l**3 - 14*l + 31. Let q be z(2). Suppose 0 = 27*x - 16170 - q. What is the hundreds digit of x?
9
Let q(p) = 9*p**2 + 185*p + 6258. What is the ten thousands digit of q(-37)?
1
Let k be 4/(16/(-20)) - 212. Let q = k + 387. What is the tens digit of q?
7
Suppose -9*o - 80 = -14*o. Let p(d) = -5*d + 2*d + o*d**2 + 103*d**2 + 2 + 0*d. What is the hundreds digit of p(1)?
1
Suppose -u = h - 1578 - 4968, 0 = -4*h + 2*u + 2620